{"id":6,"date":"2016-04-23T17:34:47","date_gmt":"2016-04-23T15:34:47","guid":{"rendered":"http:\/\/onkologie-schongau.de.w0148af4.kasserver.com\/?page_id=6"},"modified":"2020-04-20T07:18:59","modified_gmt":"2020-04-20T05:18:59","slug":"team","status":"publish","type":"page","link":"https:\/\/onkologie-schongau.de\/index.php\/team\/","title":{"rendered":"Team"},"content":{"rendered":"\n<h1 class=\"wp-block-heading\">Dr. med. Doris Fleckenstein<\/h1>\n\n\n\n<div class=\"wp-block-image is-style-circle-mask\"><figure class=\"aligncenter size-large is-resized\"><img decoding=\"async\" loading=\"lazy\" src=\"http:\/\/onkologie-schongau.de\/wp-content\/uploads\/2019\/11\/IMG_9195.jpg\" alt=\"\" class=\"wp-image-99\" width=\"361\" height=\"240\" srcset=\"https:\/\/onkologie-schongau.de\/wp-content\/uploads\/2019\/11\/IMG_9195.jpg 800w, https:\/\/onkologie-schongau.de\/wp-content\/uploads\/2019\/11\/IMG_9195-300x200.jpg 300w, https:\/\/onkologie-schongau.de\/wp-content\/uploads\/2019\/11\/IMG_9195-768x512.jpg 768w, https:\/\/onkologie-schongau.de\/wp-content\/uploads\/2019\/11\/IMG_9195-272x182.jpg 272w\" sizes=\"(max-width: 361px) 100vw, 361px\" \/><\/figure><\/div>\n\n\n\n<p>ist Fach\u00e4rztin f\u00fcr Innere Medizin, H\u00e4matologie und Onkologie mit Zusatzqualifikation f\u00fcr Palliativmedizin.  <\/p>\n\n\n\n<p>Bis Ende 2011 Ober\u00e4rztin im St\u00e4dtischen Krankenhaus M\u00fcnchen Neuperlach in der Abteilung f\u00fcr H\u00e4matologie und Onkologie t\u00e4tig.<\/p>\n\n\n\n<p>Seit Januar 2016 f\u00fchrt sie die Filiale in Schongau, die ehemalige Gyn\u00e4kologische Praxis Dr. P\u00f6schel.<\/p>\n\n\n\n<h1 class=\"wp-block-heading\">Ausbildung<\/h1>\n\n\n\n<ul><li>1979 Abitur in Schongau<\/li><\/ul>\n\n\n\n<ul><li>1979-1986 Studium der Humanmedizin an der Universit\u00e4t Regensburg und TU M\u00fcnchen<\/li><\/ul>\n\n\n\n<ul><li>1986 Promotion (magna cum laude)<\/li><\/ul>\n\n\n\n<ul><li>1995 Gebietsbezeichnung Praktische \u00c4rztin<\/li><\/ul>\n\n\n\n<ul><li>1997 Gebietsbezeichnung Internistin<\/li><\/ul>\n\n\n\n<ul><li>2002 Schwerpunktbezeichnung H\u00e4matologie und Onkologie<\/li><\/ul>\n\n\n\n<ul><li>2006 Zusatzbezeichnung Palliativmedizin <\/li><\/ul>\n\n\n\n<ul><li>2009 Fachkundenachweis Rettungsdienst<\/li><\/ul>\n\n\n\n<ul><li>2009 ESMO-Zertifikat (European Society for Medical Oncology)<\/li><\/ul>\n\n\n\n<ul><li>2014 ESMO-Rezertifizierung<\/li><\/ul>\n\n\n\n<h1 class=\"wp-block-heading\">Beruflicher Werdegang<\/h1>\n\n\n\n<ul><li>1986 Assistenz\u00e4rztin Krankenhaus Ebersberg<\/li><\/ul>\n\n\n\n<ul><li>1987 Gyn\u00e4kologische Praxis Dr. P\u00f6schel, Schongau<\/li><\/ul>\n\n\n\n<ul><li>1987-1989 Assistenz\u00e4rztin Krankenhaus M\u00fcnchen-Neuperlach<\/li><\/ul>\n\n\n\n<ul><li>1989-1993 Praktische \u00c4rztin in Barcelona\/Spanien<\/li><\/ul>\n\n\n\n<ul><li>1993-2003 Assistenz\u00e4rztin Krankenhaus M\u00fcnchen-Neuperlach<\/li><\/ul>\n\n\n\n<ul><li>2003-2011 Ober\u00e4rztin in selbigem Krankenhaus<\/li><\/ul>\n\n\n\n<ul><li>10\/2011-04\/2020 niedergelassene H\u00e4mato-Onkologin im MVZ-MOP Elisenhof<\/li><li>2016 Gr\u00fcndung einer Filiale in Schongau (ehemalige Gyn\u00e4kologische Praxis Dr. P\u00f6schel)<\/li><li>Seit 2020 eigenst\u00e4ndige H\u00e4matologische-Onkologische Praxis Schongau<\/li><\/ul>\n\n\n\n<h1 class=\"wp-block-heading\">Fach\u00fcbergreifende T\u00e4tigkeiten<\/h1>\n\n\n\n<ul><li>European Society for Medical Oncology (ESMO)<\/li><\/ul>\n\n\n\n<ul><li>Deutsche Gesellschaft f\u00fcr H\u00e4matologie und Onkologie (DGHO)<\/li><\/ul>\n\n\n\n<ul><li>Subinvestigator in zahlreichen klinischen Studien<\/li><\/ul>\n\n\n\n<h1 class=\"wp-block-heading\">Berufliche Schwerpunkte<\/h1>\n\n\n\n<ul><li>H\u00e4matologie\/Internistische Onkologie<\/li><\/ul>\n\n\n\n<ul><li>Palliativmedizin<\/li><\/ul>\n","protected":false},"excerpt":{"rendered":"<p>Dr. med. Doris Fleckenstein ist Fach\u00e4rztin f\u00fcr Innere Medizin, H\u00e4matologie und Onkologie mit Zusatzqualifikation f\u00fcr Palliativmedizin. Bis Ende 2011 Ober\u00e4rztin im St\u00e4dtischen Krankenhaus M\u00fcnchen Neuperlach in der Abteilung f\u00fcr H\u00e4matologie und Onkologie t\u00e4tig. Seit Januar 2016 f\u00fchrt sie die Filiale in Schongau, die ehemalige Gyn\u00e4kologische Praxis Dr. P\u00f6schel. Ausbildung 1979 Abitur in Schongau 1979-1986 Studium &hellip; <a href=\"https:\/\/onkologie-schongau.de\/index.php\/team\/\" class=\"more-link\"><span class=\"screen-reader-text\">Team<\/span> weiterlesen <span class=\"meta-nav\">&rarr;<\/span><\/a><\/p>\n","protected":false},"author":1,"featured_media":0,"parent":0,"menu_order":0,"comment_status":"closed","ping_status":"closed","template":"","meta":[],"_links":{"self":[{"href":"https:\/\/onkologie-schongau.de\/index.php\/wp-json\/wp\/v2\/pages\/6"}],"collection":[{"href":"https:\/\/onkologie-schongau.de\/index.php\/wp-json\/wp\/v2\/pages"}],"about":[{"href":"https:\/\/onkologie-schongau.de\/index.php\/wp-json\/wp\/v2\/types\/page"}],"author":[{"embeddable":true,"href":"https:\/\/onkologie-schongau.de\/index.php\/wp-json\/wp\/v2\/users\/1"}],"replies":[{"embeddable":true,"href":"https:\/\/onkologie-schongau.de\/index.php\/wp-json\/wp\/v2\/comments?post=6"}],"version-history":[{"count":54,"href":"https:\/\/onkologie-schongau.de\/index.php\/wp-json\/wp\/v2\/pages\/6\/revisions"}],"predecessor-version":[{"id":133,"href":"https:\/\/onkologie-schongau.de\/index.php\/wp-json\/wp\/v2\/pages\/6\/revisions\/133"}],"wp:attachment":[{"href":"https:\/\/onkologie-schongau.de\/index.php\/wp-json\/wp\/v2\/media?parent=6"}],"curies":[{"name":"wp","href":"https:\/\/api.w.org\/{rel}","templated":true}]}}